{"id":130,"date":"2024-07-18T15:34:17","date_gmt":"2024-07-18T15:34:17","guid":{"rendered":"https:\/\/simws.com\/?page_id=130"},"modified":"2024-08-15T09:25:33","modified_gmt":"2024-08-15T09:25:33","slug":"expertise","status":"publish","type":"page","link":"https:\/\/simws.com\/?page_id=130","title":{"rendered":"Expertise"},"content":{"rendered":"<style>\/*! elementor - v3.23.0 - 15-07-2024 *\/\n.elementor-widget-image{text-align:center}.elementor-widget-image a{display:inline-block}.elementor-widget-image a img[src$=\".svg\"]{width:48px}.elementor-widget-image img{vertical-align:middle;display:inline-block}<\/style>\n<p>\t\t\t\t\t\t\t\t\t\t<img fetchpriority=\"high\" decoding=\"async\" width=\"750\" height=\"307\" src=\"https:\/\/simws.com\/wp-content\/uploads\/2024\/07\/simws.jpg\" alt=\"\" srcset=\"https:\/\/simws.com\/wp-content\/uploads\/2024\/07\/simws.jpg 805w, https:\/\/simws.com\/wp-content\/uploads\/2024\/07\/simws-300x123.jpg 300w, https:\/\/simws.com\/wp-content\/uploads\/2024\/07\/simws-768x315.jpg 768w\" sizes=\"(max-width: 750px) 100vw, 750px\" \/>\t\t\t\t\t\t\t\t\t\t\t\t\t<\/p>\n<style>\/*! elementor - v3.23.0 - 15-07-2024 *\/\n.elementor-toggle{text-align:start}.elementor-toggle .elementor-tab-title{font-weight:700;line-height:1;margin:0;padding:15px;border-bottom:1px solid #d5d8dc;cursor:pointer;outline:none}.elementor-toggle .elementor-tab-title .elementor-toggle-icon{display:inline-block;width:1em}.elementor-toggle .elementor-tab-title .elementor-toggle-icon svg{margin-inline-start:-5px;width:1em;height:1em}.elementor-toggle .elementor-tab-title .elementor-toggle-icon.elementor-toggle-icon-right{float:right;text-align:right}.elementor-toggle .elementor-tab-title .elementor-toggle-icon.elementor-toggle-icon-left{float:left;text-align:left}.elementor-toggle .elementor-tab-title .elementor-toggle-icon .elementor-toggle-icon-closed{display:block}.elementor-toggle .elementor-tab-title .elementor-toggle-icon .elementor-toggle-icon-opened{display:none}.elementor-toggle .elementor-tab-title.elementor-active{border-bottom:none}.elementor-toggle .elementor-tab-title.elementor-active .elementor-toggle-icon-closed{display:none}.elementor-toggle .elementor-tab-title.elementor-active .elementor-toggle-icon-opened{display:block}.elementor-toggle .elementor-tab-content{padding:15px;border-bottom:1px solid #d5d8dc;display:none}@media (max-width:767px){.elementor-toggle .elementor-tab-title{padding:12px}.elementor-toggle .elementor-tab-content{padding:12px 10px}}.e-con-inner>.elementor-widget-toggle,.e-con>.elementor-widget-toggle{width:var(--container-widget-width);--flex-grow:var(--container-widget-flex-grow)}<\/style>\n<p>\t\t\t\t\t\t\t\t\t\t\t\t\t\t\t<svg viewBox=\"0 0 192 512\" xmlns=\"http:\/\/www.w3.org\/2000\/svg\"><path d=\"M0 384.662V127.338c0-17.818 21.543-26.741 34.142-14.142l128.662 128.662c7.81 7.81 7.81 20.474 0 28.284L34.142 398.804C21.543 411.404 0 402.48 0 384.662z\"><\/path><\/svg><br \/>\n\t\t\t\t\t\t\t\t<svg viewBox=\"0 0 320 512\" xmlns=\"http:\/\/www.w3.org\/2000\/svg\"><path d=\"M288.662 352H31.338c-17.818 0-26.741-21.543-14.142-34.142l128.662-128.662c7.81-7.81 20.474-7.81 28.284 0l128.662 128.662c12.6 12.599 3.676 34.142-14.142 34.142z\"><\/path><\/svg><br \/>\n\t\t\t\t\t\t\t\t\t\t\t\t<a tabindex=\"0\">Who we are<\/a><\/p>\n<p>With a team of seasoned experts in healthcare and educational technology, we combine clinical expertise and innovation to provide immersive and realistic simulation experiences.<\/p>\n<p>\t\t\t\t\t\t\t\t\t\t\t\t\t\t\t<svg viewBox=\"0 0 192 512\" xmlns=\"http:\/\/www.w3.org\/2000\/svg\"><path d=\"M0 384.662V127.338c0-17.818 21.543-26.741 34.142-14.142l128.662 128.662c7.81 7.81 7.81 20.474 0 28.284L34.142 398.804C21.543 411.404 0 402.48 0 384.662z\"><\/path><\/svg><br \/>\n\t\t\t\t\t\t\t\t<svg viewBox=\"0 0 320 512\" xmlns=\"http:\/\/www.w3.org\/2000\/svg\"><path d=\"M288.662 352H31.338c-17.818 0-26.741-21.543-14.142-34.142l128.662-128.662c7.81-7.81 20.474-7.81 28.284 0l128.662 128.662c12.6 12.599 3.676 34.142-14.142 34.142z\"><\/path><\/svg><br \/>\n\t\t\t\t\t\t\t\t\t\t\t\t<a tabindex=\"0\">Our approach<\/a><\/p>\n<h6>Our collaborative approach places our clients at the heart of every project, allowing us to customize our solutions to meet the specific needs of each educational context.<\/h6>\n<p>\t\t\t\t\t\t\t\t\t\t\t\t\t\t\t<svg viewBox=\"0 0 192 512\" xmlns=\"http:\/\/www.w3.org\/2000\/svg\"><path d=\"M0 384.662V127.338c0-17.818 21.543-26.741 34.142-14.142l128.662 128.662c7.81 7.81 7.81 20.474 0 28.284L34.142 398.804C21.543 411.404 0 402.48 0 384.662z\"><\/path><\/svg><br \/>\n\t\t\t\t\t\t\t\t<svg viewBox=\"0 0 320 512\" xmlns=\"http:\/\/www.w3.org\/2000\/svg\"><path d=\"M288.662 352H31.338c-17.818 0-26.741-21.543-14.142-34.142l128.662-128.662c7.81-7.81 20.474-7.81 28.284 0l128.662 128.662c12.6 12.599 3.676 34.142-14.142 34.142z\"><\/path><\/svg><br \/>\n\t\t\t\t\t\t\t\t\t\t\t\t<a tabindex=\"0\">Our missiom<\/a><\/p>\n<h6>Transform healthcare training by offering innovative simulation solutions. We aim to inspire excellence, foster innovation, and positively contribute to the evolution of healthcare by providing immersive and realistic simulation experiences to train competent and confident professionals.<\/h6>\n<p>\t\t\t\t\t\t\t\t\t\t\t\t\t\t\t<svg viewBox=\"0 0 192 512\" xmlns=\"http:\/\/www.w3.org\/2000\/svg\"><path d=\"M0 384.662V127.338c0-17.818 21.543-26.741 34.142-14.142l128.662 128.662c7.81 7.81 7.81 20.474 0 28.284L34.142 398.804C21.543 411.404 0 402.48 0 384.662z\"><\/path><\/svg><br \/>\n\t\t\t\t\t\t\t\t<svg viewBox=\"0 0 320 512\" xmlns=\"http:\/\/www.w3.org\/2000\/svg\"><path d=\"M288.662 352H31.338c-17.818 0-26.741-21.543-14.142-34.142l128.662-128.662c7.81-7.81 20.474-7.81 28.284 0l128.662 128.662c12.6 12.599 3.676 34.142-14.142 34.142z\"><\/path><\/svg><br \/>\n\t\t\t\t\t\t\t\t\t\t\t\t<a tabindex=\"0\">Our vision<\/a><\/p>\n<h6>Become the global catalyst for advancing healthcare through innovative simulation solutions. We aspire to shape a future where every healthcare professional benefits from exceptional training, ensuring safer, more effective, and more empathetic care.<\/h6>\n<p>\t\t\t\t\t\t\t\t\t\t\t\t\t\t\t<svg viewBox=\"0 0 192 512\" xmlns=\"http:\/\/www.w3.org\/2000\/svg\"><path d=\"M0 384.662V127.338c0-17.818 21.543-26.741 34.142-14.142l128.662 128.662c7.81 7.81 7.81 20.474 0 28.284L34.142 398.804C21.543 411.404 0 402.48 0 384.662z\"><\/path><\/svg><br \/>\n\t\t\t\t\t\t\t\t<svg viewBox=\"0 0 320 512\" xmlns=\"http:\/\/www.w3.org\/2000\/svg\"><path d=\"M288.662 352H31.338c-17.818 0-26.741-21.543-14.142-34.142l128.662-128.662c7.81-7.81 20.474-7.81 28.284 0l128.662 128.662c12.6 12.599 3.676 34.142-14.142 34.142z\"><\/path><\/svg><br \/>\n\t\t\t\t\t\t\t\t\t\t\t\t<a tabindex=\"0\">Our expertise<\/a><\/p>\n<h6>Forts de connaissances approfondies dans le domaine de la formation en sant\u00e9, nous fusionnons cette exp\u00e9rience avec une compr\u00e9hension pointue des derni\u00e8res avanc\u00e9es technologiques pour cr\u00e9er des solutions de simulation pr\u00e9cises, immersives et innovantes. Notre expertise multidisciplinaire garantit que chaque solution de HSS repousse les limites de la formation m\u00e9dicale, offrant une exp\u00e9rience d&#8217;apprentissage in\u00e9gal\u00e9e pour les professionnels de la sant\u00e9.<\/h6>\n","protected":false},"excerpt":{"rendered":"<p>Who we are With a team of seasoned experts in healthcare and educational technology, we combine clinical expertise and innovation to provide immersive and realistic simulation experiences. Our approach Our collaborative approach places our clients at the heart of every project, allowing us to customize our solutions to meet the [&hellip;]<\/p>\n","protected":false},"author":1,"featured_media":0,"parent":0,"menu_order":0,"comment_status":"closed","ping_status":"closed","template":"page-templates\/template-pagebuilder-full-width.php","meta":{"footnotes":""},"class_list":["post-130","page","type-page","status-publish","hentry"],"yoast_head":"<!-- This site is optimized with the Yoast SEO plugin v23.2 - https:\/\/yoast.com\/wordpress\/plugins\/seo\/ -->\n<title>Expertise -<\/title>\n<meta name=\"robots\" content=\"index, follow, max-snippet:-1, max-image-preview:large, max-video-preview:-1\" \/>\n<link rel=\"canonical\" href=\"https:\/\/simws.com\/?page_id=130\" \/>\n<meta property=\"og:locale\" content=\"en_US\" \/>\n<meta property=\"og:type\" content=\"article\" \/>\n<meta property=\"og:title\" content=\"Expertise -\" \/>\n<meta property=\"og:description\" content=\"Who we are With a team of seasoned experts in healthcare and educational technology, we combine clinical expertise and innovation to provide immersive and realistic simulation experiences. Our approach Our collaborative approach places our clients at the heart of every project, allowing us to customize our solutions to meet the [&hellip;]\" \/>\n<meta property=\"og:url\" content=\"https:\/\/simws.com\/?page_id=130\" \/>\n<meta property=\"article:publisher\" content=\"https:\/\/www.linkedin.com\/company\/simwisesoluations\/yoast\" \/>\n<meta property=\"article:modified_time\" content=\"2024-08-15T09:25:33+00:00\" \/>\n<meta property=\"og:image\" content=\"https:\/\/simws.com\/wp-content\/uploads\/2024\/07\/simws.jpg\" \/>\n<meta name=\"twitter:card\" content=\"summary_large_image\" \/>\n<meta name=\"twitter:label1\" content=\"Est. reading time\" \/>\n\t<meta name=\"twitter:data1\" content=\"2 minutes\" \/>\n<script type=\"application\/ld+json\" class=\"yoast-schema-graph\">{\"@context\":\"https:\/\/schema.org\",\"@graph\":[{\"@type\":\"WebPage\",\"@id\":\"https:\/\/simws.com\/?page_id=130\",\"url\":\"https:\/\/simws.com\/?page_id=130\",\"name\":\"Expertise -\",\"isPartOf\":{\"@id\":\"https:\/\/simws.com\/#website\"},\"primaryImageOfPage\":{\"@id\":\"https:\/\/simws.com\/?page_id=130#primaryimage\"},\"image\":{\"@id\":\"https:\/\/simws.com\/?page_id=130#primaryimage\"},\"thumbnailUrl\":\"https:\/\/simws.com\/wp-content\/uploads\/2024\/07\/simws.jpg\",\"datePublished\":\"2024-07-18T15:34:17+00:00\",\"dateModified\":\"2024-08-15T09:25:33+00:00\",\"breadcrumb\":{\"@id\":\"https:\/\/simws.com\/?page_id=130#breadcrumb\"},\"inLanguage\":\"en-US\",\"potentialAction\":[{\"@type\":\"ReadAction\",\"target\":[\"https:\/\/simws.com\/?page_id=130\"]}]},{\"@type\":\"ImageObject\",\"inLanguage\":\"en-US\",\"@id\":\"https:\/\/simws.com\/?page_id=130#primaryimage\",\"url\":\"https:\/\/simws.com\/wp-content\/uploads\/2024\/07\/simws.jpg\",\"contentUrl\":\"https:\/\/simws.com\/wp-content\/uploads\/2024\/07\/simws.jpg\",\"width\":805,\"height\":330},{\"@type\":\"BreadcrumbList\",\"@id\":\"https:\/\/simws.com\/?page_id=130#breadcrumb\",\"itemListElement\":[{\"@type\":\"ListItem\",\"position\":1,\"name\":\"Home\",\"item\":\"https:\/\/simws.com\/\"},{\"@type\":\"ListItem\",\"position\":2,\"name\":\"Expertise\"}]},{\"@type\":\"WebSite\",\"@id\":\"https:\/\/simws.com\/#website\",\"url\":\"https:\/\/simws.com\/\",\"name\":\"SimWiseSolutions\",\"description\":\"\",\"publisher\":{\"@id\":\"https:\/\/simws.com\/#organization\"},\"potentialAction\":[{\"@type\":\"SearchAction\",\"target\":{\"@type\":\"EntryPoint\",\"urlTemplate\":\"https:\/\/simws.com\/?s={search_term_string}\"},\"query-input\":\"required name=search_term_string\"}],\"inLanguage\":\"en-US\"},{\"@type\":\"Organization\",\"@id\":\"https:\/\/simws.com\/#organization\",\"name\":\"SimWiseSolutions\",\"url\":\"https:\/\/simws.com\/\",\"logo\":{\"@type\":\"ImageObject\",\"inLanguage\":\"en-US\",\"@id\":\"https:\/\/simws.com\/#\/schema\/logo\/image\/\",\"url\":\"https:\/\/simws.com\/wp-content\/uploads\/2024\/07\/cropped-cropped-simws-high-resolution-logo-transparent.png\",\"contentUrl\":\"https:\/\/simws.com\/wp-content\/uploads\/2024\/07\/cropped-cropped-simws-high-resolution-logo-transparent.png\",\"width\":512,\"height\":512,\"caption\":\"SimWiseSolutions\"},\"image\":{\"@id\":\"https:\/\/simws.com\/#\/schema\/logo\/image\/\"},\"sameAs\":[\"https:\/\/www.linkedin.com\/company\/simwisesoluations\/yoast\"]}]}<\/script>\n<!-- \/ Yoast SEO plugin. -->","yoast_head_json":{"title":"Expertise -","robots":{"index":"index","follow":"follow","max-snippet":"max-snippet:-1","max-image-preview":"max-image-preview:large","max-video-preview":"max-video-preview:-1"},"canonical":"https:\/\/simws.com\/?page_id=130","og_locale":"en_US","og_type":"article","og_title":"Expertise -","og_description":"Who we are With a team of seasoned experts in healthcare and educational technology, we combine clinical expertise and innovation to provide immersive and realistic simulation experiences. Our approach Our collaborative approach places our clients at the heart of every project, allowing us to customize our solutions to meet the [&hellip;]","og_url":"https:\/\/simws.com\/?page_id=130","article_publisher":"https:\/\/www.linkedin.com\/company\/simwisesoluations\/yoast","article_modified_time":"2024-08-15T09:25:33+00:00","og_image":[{"url":"https:\/\/simws.com\/wp-content\/uploads\/2024\/07\/simws.jpg"}],"twitter_card":"summary_large_image","twitter_misc":{"Est. reading time":"2 minutes"},"schema":{"@context":"https:\/\/schema.org","@graph":[{"@type":"WebPage","@id":"https:\/\/simws.com\/?page_id=130","url":"https:\/\/simws.com\/?page_id=130","name":"Expertise -","isPartOf":{"@id":"https:\/\/simws.com\/#website"},"primaryImageOfPage":{"@id":"https:\/\/simws.com\/?page_id=130#primaryimage"},"image":{"@id":"https:\/\/simws.com\/?page_id=130#primaryimage"},"thumbnailUrl":"https:\/\/simws.com\/wp-content\/uploads\/2024\/07\/simws.jpg","datePublished":"2024-07-18T15:34:17+00:00","dateModified":"2024-08-15T09:25:33+00:00","breadcrumb":{"@id":"https:\/\/simws.com\/?page_id=130#breadcrumb"},"inLanguage":"en-US","potentialAction":[{"@type":"ReadAction","target":["https:\/\/simws.com\/?page_id=130"]}]},{"@type":"ImageObject","inLanguage":"en-US","@id":"https:\/\/simws.com\/?page_id=130#primaryimage","url":"https:\/\/simws.com\/wp-content\/uploads\/2024\/07\/simws.jpg","contentUrl":"https:\/\/simws.com\/wp-content\/uploads\/2024\/07\/simws.jpg","width":805,"height":330},{"@type":"BreadcrumbList","@id":"https:\/\/simws.com\/?page_id=130#breadcrumb","itemListElement":[{"@type":"ListItem","position":1,"name":"Home","item":"https:\/\/simws.com\/"},{"@type":"ListItem","position":2,"name":"Expertise"}]},{"@type":"WebSite","@id":"https:\/\/simws.com\/#website","url":"https:\/\/simws.com\/","name":"SimWiseSolutions","description":"","publisher":{"@id":"https:\/\/simws.com\/#organization"},"potentialAction":[{"@type":"SearchAction","target":{"@type":"EntryPoint","urlTemplate":"https:\/\/simws.com\/?s={search_term_string}"},"query-input":"required name=search_term_string"}],"inLanguage":"en-US"},{"@type":"Organization","@id":"https:\/\/simws.com\/#organization","name":"SimWiseSolutions","url":"https:\/\/simws.com\/","logo":{"@type":"ImageObject","inLanguage":"en-US","@id":"https:\/\/simws.com\/#\/schema\/logo\/image\/","url":"https:\/\/simws.com\/wp-content\/uploads\/2024\/07\/cropped-cropped-simws-high-resolution-logo-transparent.png","contentUrl":"https:\/\/simws.com\/wp-content\/uploads\/2024\/07\/cropped-cropped-simws-high-resolution-logo-transparent.png","width":512,"height":512,"caption":"SimWiseSolutions"},"image":{"@id":"https:\/\/simws.com\/#\/schema\/logo\/image\/"},"sameAs":["https:\/\/www.linkedin.com\/company\/simwisesoluations\/yoast"]}]}},"_links":{"self":[{"href":"https:\/\/simws.com\/index.php?rest_route=\/wp\/v2\/pages\/130"}],"collection":[{"href":"https:\/\/simws.com\/index.php?rest_route=\/wp\/v2\/pages"}],"about":[{"href":"https:\/\/simws.com\/index.php?rest_route=\/wp\/v2\/types\/page"}],"author":[{"embeddable":true,"href":"https:\/\/simws.com\/index.php?rest_route=\/wp\/v2\/users\/1"}],"replies":[{"embeddable":true,"href":"https:\/\/simws.com\/index.php?rest_route=%2Fwp%2Fv2%2Fcomments&post=130"}],"version-history":[{"count":7,"href":"https:\/\/simws.com\/index.php?rest_route=\/wp\/v2\/pages\/130\/revisions"}],"predecessor-version":[{"id":165,"href":"https:\/\/simws.com\/index.php?rest_route=\/wp\/v2\/pages\/130\/revisions\/165"}],"wp:attachment":[{"href":"https:\/\/simws.com\/index.php?rest_route=%2Fwp%2Fv2%2Fmedia&parent=130"}],"curies":[{"name":"wp","href":"https:\/\/api.w.org\/{rel}","templated":true}]}}